 derivative of w(q). Give a(o).
5
Let r(x) = x**2 - 3*x + 1. Suppose 5*g = 7*g - 8. Determine r(g).
5
Let h be 8/20 - 46/(-10). Suppose 2*l = -h*u + 2*u + 16, l - 11 = -3*u. Suppose -o + 4 = 0, l*c + 0*o = -2*o - 17. Let y(r) = r**3 + 5*r**2 - 6. Determine y(c).
-6
Let b(g) = -g**3 - 5*g**2 + 2*g - 6. Let r(y) = y**3 - 24*y**2 + 18*y + 37. Let l be r(23). Let s = 73 + l. Calculate b(s).
-16
Let w(v) = -v**2 + 12*v - 50. Let u be w(7). Let g(i) = -i - 9. Determine g(u).
6
Let q(d) be the second derivative of -8*d - 1/3*d**3 + 1/8*d**4 + 0 - 1/120*d**5 + 0*d**2. Let c(i) be the second derivative of q(i). What is c(2)?
1
Suppose 2*f = 3*k - 4 + 13, 4*f = -k + 25. Suppose -5*b + 2*b = 2*l - f, 3*l - 9 = 3*b. Let r(z) = -z**3 - 6. Give r(b).
-6
Let x(d) = 84*d - 24. Let r(y) = 23*y - 6. Let u(w) = -11*r(w) + 3*x(w). Suppose -3*o + 0*v + 9 = -3*v, -4*o - 13 = v. Let i be (3/2)/(o/4). What is u(i)?
-3
Let w(f) = f**3 - f**2 - 7*f + 1. Let b be (0 - -2)/((-16)/(-24)). Suppose -2*m - b*m = -15. Let t be w(m). Let a(n) = n**3 + 4*n**2 + 2*n + 1. Calculate a(t).
5
Let d(h) = -h - 4. Let q be d(-5). Let n(f) = 3*f**3 + f**2 + 3*f + 6. Let t = 22 - 21. Let l(i) = i**3 + i + 1. Let w(c) = t*n(c) - 5*l(c). Give w(q).
-2
Suppose -2*h - g - 3 = 0, h + h + 2*g + 6 = 0. Let f(d) be the second derivative of -d**2 + 1/6*d**4 + h + 3*d + 1/6*d**3. Calculate f(-2).
4
Let z = -381/2 - -191. Let g(q) be the second derivative of -1/2*q**3 + 0*q**2 + 0 - 3*q - 1/20*q**5 + z*q**4. What is g(5)?
10
Let s(g) = -g**3 - g**2 - 3*g + 2. Suppose -2*v = -12*v + 20. What is s(v)?
-16
Let k(q) = -13*q**3 - 3*q**2 - 2*q + 4. Let z be k(1). Let g(y) = y**3 + 14*y**2 + 2*y + 21. Determine g(z).
-7
Let y(d) = -7*d - 3*d + 15 + d**2 - 5. Suppose -24*r - 12*r + 324 = 0. What is y(r)?
1
Let p(t) be the second derivative of -t**5/60 - 7*t**4/24 + 3*t**3/2 + 14*t. Let v(w) be the second derivative of p(w). Give v(-6).
5
Let d(n) = n**3 + n**2 - 11*n + 4. Let b be d(3). Let w(k) = -b*k - 4*k + 2*k. Calculate w(-1).
9
Let t(o) = -23*o + 1. Suppose 0*j = -2*j + 2*z - 4, -4*z + 17 = 5*j. Determine t(j).
-22
Let b(g) be the first derivative of -g**2/2 - 10*g + 12. Calculate b(-9).
-1
Let l(s) be the second derivative of -s**5/20 + s**4/2 - 2*s**3/3 + 2*s**2 - 2*s + 54. Give l(6).
-20
Let r(n) = n**2 - 9*n + 5. Suppose -x + 10 - 4 = 0. Determine r(x).
-13
Let f(z) be the first derivative of -z**4/4 + 6*z**3 + 10*z**2 - 10*z + 304. What is f(19)?
9
Let h(f) = -f**3 + 2*f**2 + 5*f - 4. Suppose -3 = -g - 1. Suppose -l - 37 = -4*i + 4*l, -g*i + 31 = -5*l. Give h(i).
2
Suppose 46*f - 73 = 249. Let c(w) = -3*w + 2*w + 7 - 2. Determine c(f).
-2
Let b(r) = -6*r - 7. Let d(z) = z**3 - 6*z**2 - 6*z - 8. Let l be d(7). Let i(w) = -w - 1. Let g(j) = l*b(j) + 4*i(j). What is g(-2)?
-1
Suppose 2*w = -5*i + 1, i - 2 = -2*w + 3. Let x(q) = -8*q**2 - q - 2. Calculate x(i).
-9
Let r(c) = 0*c + 16*c - 2*c - c**2 + 8*c - 33. Let b be r(20). Let s(w) = -w**3 + 8*w**2 - 6*w - 6. Calculate s(b).
1
Let n(v) = -2*v**2 + 9*v - 5. Let r be 10682/1323 + (-2)/27. Determine n(r).
-61
Let a(n) = -n + 5. Let s be a(2). Let t(k) = k**3 - k**2 + k + 3. Give t(s).
24
Let q(a) = 7*a**2 + 165 - 8*a**2 - 161 + 6*a. Give q(4).
12
Let a(c) = 9*c**2 - c. Let u be (-1 + 0)/((-1)/(-6)). Let d(s) = -3*s**2 + 4*s - 13. Let h(b) = 2*b**2. Let v(x) = -d(x) - 2*h(x). Let q be v(u). Give a(q).
8
Let i(n) = -n + 9. Let v(k) = 2*k - 10. Let o(q) = 4*i(q) + 3*v(q). Determine o(-7).
-8
Let h(q) = 4*q**3 + 4*q**3 + 37 + q**3 - 9*q**3 - 9*q + q**3 + 11*q**2. Calculate h(-12).
1
Let d = 17 + 31. Let x be (-4)/(-18) + d/27. Suppose -3*z - 25 = x*z. Let t(f) = f**3 + 4*f**2 - 7*f - 5. Determine t(z).
5
Let t(n) = -4*n - 1. Let a(v) = -2*v + 8. Let x be a(6). Suppose 5 = i - 4*w, -3*i + 4*w + 31 = 24. Let b be x/(-1) + 0 + i. Determine t(b).
-21
Let d(w) = -w**2 + 16*w - 1. Let b be d(16). Let m be (-38)/10 + b/5. Let s(c) = -c - 3. What is s(m)?
1
Suppose -5*l + 3*l = -3*v, 2 = 4*l - 5*v. Let r(q) = -q**3 + 2*q**2 + 5*q - 6. What is r(l)?
0
Let d(x) = -x - 3. Let c(o) be the second derivative of -o**5/20 + 5*o**4/12 - 3*o**3/2 + 5*o**2/2 + 19*o. Let r be c(3). Determine d(r).
1
Let x(c) = -c**2 - 6*c - 3. Let o be x(-5). Let n(m) = -m**2 - 4 - 2*m + 2*m - o. Calculate n(0).
-6
Let x(u) = -7 - u**2 - 6*u - 2*u**2 + 2*u**2 + 4. Determine x(-6).
-3
Let u(k) be the third derivative of -k**5/60 - k**4/3 + 5*k**3/6 - 3*k**2. Suppose -11*r - 56 = -13*r. Suppose -4*v + 8 = q, v = -5*q + q - r. Calculate u(q).
5
Let r(n) = 3*n**3 - 1. Let k(o) = 5*o**3 + 14*o**2 + 15*o - 8. Let a(m) = k(m) - 2*r(m). Calculate a(15).
-6
Let h be -3 - (0 - (10 - -1)). Suppose -h*w = -3*w - 35. Suppose -6 = -w*t + 4*t. Let x(i) = 2*i**3 - i**2 + i - 1. Give x(t).
13
Let q be (-4)/16 - (-10)/8. Let o(d) be the third derivative of -d**4/12 - d**3/6 + 19*d**2. Calculate o(q).
-3
Let h(d) be the first derivative of d**2 - 5*d + 6. Suppose 0 = -2*k - 3*x + 1 + 1, 0 = -4*k + 3*x + 22. Suppose -14 = 2*j - k. Give h(j).
-15
Let b(c) be the first derivative of c**3 + c**2 - 10*c + 282. What is b(2)?
6
Let x be (-6)/9 - 44/6. Let v(b) = 18*b + 6. Let p(q) = 6*q + 2. Let a(i) = x*p(i) + 3*v(i). Determine a(-2).
-10
Suppose -2*x = -4*x - 2. Suppose 0*p = -8*p + 13*p. Let f(g) = 7 + p + 6*g - 6. What is f(x)?
-5
Let f be (-3)/((-3)/2 + 0). Let c(p) be the second derivative of p**4/6 - p**3/6 + p**2 - 3*p + 629. Calculate c(f).
8
Let k(y) = 6*y**2 - 18*y - 4. Let m be k(3). Let a(h) be the third derivative of 1/24*h**4 + 0*h - h**2 + 0 - 5/6*h**3. Calculate a(m).
-9
Let o = -40 + 46. Let l(m) = 4*m**2 - 2 - o*m**2 + 3*m**3 + 0 - 4*m**3 - 2*m. What is l(-2)?
2
Let t = 11 - 5. Let g(x) be the second derivative of -x**4/12 + x**3 - 3*x**2 + 7*x + 8. What is g(t)?
-6
Let r(d) = d**3 - 16*d**2 + 16*d - 7. Let l = -346 - -361. What is r(l)?
8
Let b(u) = -2*u - 5. Let z be (-5 + 1)*(-6)/1. Let c = 19 - z. Give b(c).
5
Let x(h) = -h**3 + h**2 + h. Let f(g) = 5*g**3 - g**2 - 12*g + 5. Let n(o) = f(o) + 6*x(o). Suppose 9 = 2*r + 1. Calculate n(r).
-3
Suppose h - 4 = -11. Let l(b) = b + 1. Let k = -22 - -19. Let f(o) = 4*o + 6. Let j(n) = k*l(n) + f(n). What is j(h)?
-4
Let p(s) be the first derivative of -2*s - 1/6*s**3 + 3/2*s**2 + 5. Let o(u) be the first derivative of p(u). Determine o(6).
-3
Suppose -91 = -48*h + 61*h. Let m(j) = 2*j + 4. What is m(h)?
-10
Let q(j) = j**3 - 8*j**2 - 10*j + 12. Let z = -11 + 11. Suppose 6*f - 40 - 14 = z. Determine q(f).
3
Let o be (-1 + 5)*(-3)/(-6). Let d = 2 - -3. Let q(f) = f**3 + 5*f - 3*f + d - 8. What is q(o)?
9
Let y(g) = -10 - 8 - 12 + 0 + 24 + 2*g. Determine y(6).
6
Let y be ((-3)/6 + 1)*(-43 - -51). Let d(p) = -p**2 + 0*p - 2 - 1 - p. Determine d(y).
-23
Let w(t) = -2*t - 12. Suppose -3*k = -g - 13, 8*k - 4*k + 2*g = 34. Suppose i - 5*f = 7, 4*i - f + 23 + k = 0. Calculate w(i).
4
Let r(i) = 4*i + 7. Let q(u) = -2*u - 4. Let s = 21 - 14. Let d be (-26)/(-6) + (-1)/3. Let k(f) = d*r(f) + s*q(f). What is k(-2)?
-4
Let m(q) = -2*q + q**2 - 2*q**2 - 5 + 2. Let a = 36 + -31. Suppose -a*h = 5*g + 5, -g - 4*h + 3 = -2. Determine m(g).
-6
Suppose 0*p = -5*t + 2*p + 25, 3*t - 3*p - 24 = 0. Let m = -9 - -16. Suppose m*b - t = 4*b. Let v(y) = -7*y**2. Calculate v(b).
-7
Let n(v) = -2*v + 20. Let t(o) = -o + 11. Let a(m) = -4*n(m) + 9*t(m). What is a(8)?
11
Let n = -436 + 716. Let y(r) = 3*r**2 + 271*r - n*r - 5*r**2. Determine y(-6).
-18
Suppose t = 4*w + 16, 2*t - 21 - 29 = -w. Let b = -22 + t. Let k(p) = p**2 + 0*p**b + 0*p**2 + 2*p - 5*p + 3. Give k(4).
7
Let i(k) be the first derivative of 1/120*k**5 + 0*k**2 + 6 - k**3 + 0*k + 0*k**4 + 1/45*k**6. Let q(o) be the third derivative of i(o). Give q(-1).
7
Let x(n) be the third derivative of 0*n + 4*n**2 + 0 + 1/24*n**4 - 2/3*n**3. Calculate x(5).
1
Let b(s) = 20*s**3 - s**2 - 3*s - 2. Suppose -14335 = 6*i - 14329. Calculate b(i).
-20
Let i = 23 + -21. Suppose -i*g = -b - 18, 2*g - b - 25 = -g. Let f(h) = h**2 - 5*h - 9. What is f(g)?
5
Let c(s) = 0*s**2 + 6*s**3 - 1 + 0 - s**2 + s. Let l = -55 + 64. Suppose 25*u = 16*u + l. What is c(u)?
5
Let u(k) = -k**3 + 4*k**2 - k - 1. Let r be u(3). Suppose 0 = -2*m + s + 14, r*s + 11 = -9. Let l(z) = 4*z - 1 - m*z + 3*z - 6*z. Determine l(2).
-9
Let a(k) = -k**2 - 3*k + 